 prime number?
False
Is 269617 a composite number?
False
Is 7997 a prime number?
False
Is 261881 composite?
False
Is 715291 a prime number?
False
Is 66977 composite?
False
Is 4177 a prime number?
True
Is 2743 a prime number?
False
Is 24127 composite?
True
Is 2657 a composite number?
False
Is 230369 prime?
True
Is 387791 prime?
True
Is 45467 prime?
False
Is 254857 composite?
False
Is 136835 composite?
True
Is 884437 composite?
False
Is 413353 a composite number?
False
Is 2237 prime?
True
Is 30931 composite?
False
Is 45281 a prime number?
True
Is 14029 composite?
False
Is 38501 composite?
False
Is 27301 a composite number?
True
Is 149239 a composite number?
False
Is 8461 a composite number?
False
Is 102643 a prime number?
True
Is 81811 composite?
True
Is 4889 a composite number?
False
Is 2859847 composite?
False
Is 1690913 a composite number?
True
Is 2095733 a composite number?
False
Is 21619 a prime number?
False
Is 30881 composite?
False
Is 1234343 a composite number?
True
Is 603131 prime?
True
Is 2183 a prime number?
False
Is 1269461 a composite number?
False
Is 1451371 prime?
True
Is 380837 prime?
True
Is 49481 composite?
False
Is 6705419 a prime number?
False
Is 28901 composite?
False
Is 135158 composite?
True
Is 84923 prime?
False
Is 89387 prime?
True
Is 434615 a composite number?
True
Is 560639 prime?
True
Is 75547 composite?
True
Is 68017 composite?
True
Is 1217 a composite number?
False
Is 13441 a composite number?
False
Is 134597 a prime number?
True
Is 507293 composite?
True
Is 125941 prime?
True
Is 29947 composite?
False
Is 86911 a composite number?
True
Is 363643 composite?
True
Is 820873 a prime number?
True
Is 15107 a composite number?
False
Is 173603 a prime number?
False
Is 364979 composite?
False
Is 1864853 prime?
True
Is 9673 a composite number?
True
Is 5539 prime?
False
Is 3419 prime?
False
Is 267373 a composite number?
False
Is 99961 a composite number?
False
Is 76061 prime?
False
Is 23557 a composite number?
False
Is 147197 a composite number?
False
Is 16223 prime?
True
Is 5042857 a composite number?
False
Is 621133 composite?
False
Is 364267 a prime number?
True
Is 9599 a prime number?
False
Is 191497 a composite number?
False
Is 31013 a composite number?
False
Is 12379 composite?
False
Is 3109 a prime number?
True
Is 5779 composite?
False
Is 395953 a prime number?
True
Is 26801 a prime number?
True
Is 26807 composite?
True
Is 1349 a prime number?
False
Is 2447 a composite number?
False
Is 39859 prime?
False
Is 787 prime?
True
Is 58409 a prime number?
False
Is 162209 a prime number?
True
Is 135893 composite?
False
Is 15338 composite?
True
Is 453553 a composite number?
False
Is 141827 a prime number?
False
Is 179071 prime?
False
Is 820711 composite?
False
Is 33007 a composite number?
True
Is 80611 composite?
False
Is 370529 prime?
True
Is 638783 a composite number?
True
Is 59497 a composite number?
False
Is 68297 a composite number?
True
Is 3847 composite?
False
Is 153921 composite?
True
Is 3694 composite?
True
Is 41254 a composite number?
True
Is 98621 a composite number?
False
Is 86377 a composite number?
True
Is 39823 composite?
True
Is 76357 a composite number?
True
Is 880621 a composite number?
True
Is 188953 prime?
True
Is 7499 composite?
False
Is 614143 prime?
True
Is 4531 a composite number?
True
Is 1759 a prime number?
True
Is 116867 a composite number?
False
Is 673 composite?
False
Is 14667 prime?
False
Is 7981 a prime number?
False
Is 59509 a prime number?
True
Is 184669 composite?
False
Is 2897 composite?
False
Is 327441 composite?
True
Is 429235 prime?
False
Is 555823 composite?
False
Is 3845 a prime number?
False
Is 128857 a prime number?
True
Is 10301 a prime number?
True
Is 106021 a prime number?
False
Is 1190417 composite?
False
Is 77053 composite?
True
Is 51751 a prime number?
False
Is 63334 a prime number?
False
Is 5344589 prime?
True
Is 1655 a prime number?
False
Is 281153 a composite number?
False
Is 4259 a prime number?
True
Is 1531 a composite number?
False
Is 6449 composite?
False
Is 3833 prime?
True
Is 521673 a prime number?
False
Is 4249655 a composite number?
True
Is 8741 prime?
True
Is 43573 prime?
True
Is 416107 a composite number?
False
Is 63241 a prime number?
True
Is 773349 a prime number?
False
Is 77199 prime?
False
Is 70255 prime?
False
Is 7283 a composite number?
False
Is 5482 composite?
True
Is 81853 a composite number?
False
Is 175246 prime?
False
Is 41889 prime?
False
Is 109717 prime?
True
Is 249 composite?
True
Is 10883 a composite number?
False
Is 4661 a prime number?
False
Is 922202 prime?
False
Is 26599 prime?
False
Is 592759 prime?
True
Is 156703 a prime number?
True
Is 511847 prime?
False
Is 40371 composite?
True
Is 418721 a composite number?
False
Is 534194 prime?
False
Is 1408763 a composite number?
False
Is 100447 a composite number?
False
Is 7899 composite?
True
Is 88157 composite?
True
Is 6521 a composite number?
False
Is 14281 composite?
False
Is 35393 prime?
True
Is 35941 composite?
True
Is 9121 prime?
False
Is 12891 a composite number?
True
Is 6101 composite?
False
Is 734231 a prime number?
False
Is 4045 composite?
True
Is 215107 a prime number?
False
Is 2761 a prime number?
False
Is 2942399 prime?
True
Is 2317 prime?
False
Is 161831 a prime number?
True
Is 33739 prime?
True
Is 32069 a composite number?
False
Is 2809 prime?
False
Is 127 prime?
True
Is 753 composite?
True
Is 3985 a prime number?
False
Is 2713391 a composite number?
False
Is 25439 a composite number?
False
Is 72433 a composite number?
True
Is 1735 composite?
True
Is 355629 a prime number?
False
Is 52423 a composite number?
True
Is 3137 a composite number?
False
Is 344827 a composite number?
True
Is 20609 prime?
False
Is 2333 a prime number?
True
Is 253049 composite?
False
Is 606739 prime?
False
Is 77879 a prime number?
False
Is 751691 a composite number?
False
Is 12263 composite?
False
Is 8747 composite?
False
Is 11183 prime?
False
Is 16603 a prime number?
True
Is 590797 a composite number?
False
Is 467773 composite?
False
Is 8341 prime?
False
Is 488855 a prime number?
False
Is 5981 composite?
False
Is 40069 prime?
False
Is 387037 composite?
True
Is 294953 a prime number?
True
Is 42815 prime?
False
Is 2721 prime?
False
Is 39551 composite?
False
Is 247 composite?
True
Is 46061 composite?
False
Is 6673 a prime number?
True
Is 8633 a composite number?
True
Is 788261 a prime number?
True
Is 24733 a prime number?
True
Is 76039 a prime number?
True
Is 273773 prime?
True
Is 2605 a prime number?
False
Is 6163 a composite number?
False
Is 3463 prime?
True
Is 9411 a prime number?
False
Is 180721 a composite number?
True
Is 10529 a prime number?
True
Is 44017 a composite number?
False
Is 194855 a composite number?
True
Is 106931 prime?
False
Is 474751 a composite number?
False
Is 250253 a prime number?
True
Is 31177 a prime number?
True
Is 803687 a prime number?
True
Is 291 a composite number?
True
Is 1799 a prime number?
False
Is 563995 composite?
True
Is 673 a composite number?
False
Is 77851 a prime number?
False
Is 1982 composite?
True
Is 108002 a prime number?
False
Is 763091 composite?
True
Is 25339 a prime number?
True
Is 8663 prime?
True
Is 5496913 prime?
True
Is 883603 a composite number?
True
Is 46391 prime?
False
Is 10843 prime?
False
Is 2631 prime?
False
Is 5599 a composite number?
True
Is 67565 a prime number?
False
Is 198169 a composite number?
True
Is 1296973 prime?
True
Is 577747 a prime number?
False
Is 7493 prime?
False
Is 1465 a prime number?
False
Is 10771 prime?
True
Is 9017 a prime number?
False
Is 6671 composite?
True
Is 328709 composite?
False
Is 292133 a prime number?
True
Is 6294239 a prime number?
False
Is 25963 a prime number?
False
Is 9101 a composite number?
True
Is 373 a prime number?
True
Is 81371 a prime number?
True
Is 4969 prime?
True
Is 37667 prime?
False
Is 1211 a composite number?
True
Is 3558739 a composite number?
False
Is 5129 a composite number?
True
Is 211313 a prime number?
True
Is 90787 a prime number?
True
Is 1369303 a composite number?
True
Is 47887 composite?
True
Is 631379 a composite number?
True
Is 793453 composite?
False
Is 161453 a composite number?
False
Is 104623 composite?
False
Is 17903 a prime number?
True
Is 124457 prime?
False
Is 179021 prime?
True
Is 577